the units digit of p?
8
Suppose 0 = 5*v - 7*t + 3*t - 229, -3*v - 5*t + 167 = 0. What is the tens digit of v?
4
Suppose -4*z + 3*j = -0*j + 13, z - 2*j = -7. What is the units digit of (3 + z - 1)*13?
3
Let g(o) = 2*o + 10. Let d be g(-9). Let c(k) = -2*k - 3. Let y be c(d). Let a = y + -4. What is the units digit of a?
9
Let s(h) = -h. Let m(i) = -i**2 + 2*i + 18. Let g(r) = -m(r) + s(r). What is the units digit of g(8)?
2
Let a be 1/((0 + -1)/(-5)). Suppose l = -1, 0 = -0*x + a*x - 2*l - 402. Suppose -4*y + 55 = 5*p - 4*p, -5*y = 5*p - x. What is the tens digit of y?
1
Let v = -1 - 3. Let r = -4 - v. Suppose 5*l - 3 - 32 = r. What is the units digit of l?
7
Let c = -6 - -10. Suppose c*a = 8 + 36. What is the units digit of a?
1
Suppose -a = -0*a + 4, 32 = 4*i - 4*a. Let z be 2/3 + 19/3. Suppose 4*d - i*c = -z*c + 50, d = 5*c + 1. What is the units digit of d?
1
Let g(s) = -s**3 + 4*s**2 - 2*s - 1. Suppose -3 = -3*b + 3. What is the units digit of g(b)?
3
Let f(j) = -34*j - 1. Let u be f(-1). Suppose 43 = -4*n - u. Let m = n - -29. What is the units digit of m?
0
Suppose 2*q - 3 = -i, 2*q - 5*q = -i + 13. Let s(n) be the third derivative of n**5/60 - n**4/4 - n**3/6 - 2*n**2. What is the units digit of s(i)?
6
Let f(c) = 6*c**3 + c + 1. What is the tens digit of f(2)?
5
Let f(z) be the third derivative of z**5/60 + z**3/2 - 4*z**2. What is the tens digit of f(4)?
1
What is the hundreds digit of 3706/51*(-3)/(-2)?
1
Suppose -2*l = -6*l + 8. Suppose l*z - 8 = -2. Suppose -3*s + 3*i = -s - 39, 0 = z*s - i - 41. What is the tens digit of s?
1
Suppose 3*k + 3*a = -9, -2*a = a - 3. What is the units digit of k*(-4)/8 - -3?
5
Suppose 2*c = -3 + 1. Let l(f) = -4*f + 1. Let r be l(c). What is the units digit of r/2 - (-2)/4?
3
Let w(c) = c**2. Let j be w(-2). Suppose -3*m - 2 = -2*z, 9*z - j*m = 4*z + 12. Suppose 30 = 3*k + p - 9, 0 = z*k + 2*p - 52. What is the tens digit of k?
1
Suppose -m = -j + 5, 2*m - 8 = -0*j - 4*j. What is the tens digit of (-2)/m*2 + 54?
5
Suppose -79 = -5*w - 19. What is the units digit of w?
2
Let r(y) = y - 3. Let u be r(-4). Let s(m) = -m**3 - 7*m**2 - 3*m - 2. What is the units digit of s(u)?
9
Let b be (-1)/(-3)*3 - -2. What is the tens digit of ((-10)/b)/((-3)/9)?
1
Let k be (-3)/9 + (-98)/(-6). Let x = 5 + k. What is the units digit of (7 + -1)/(x/56)?
6
Let n(z) = z**3 + 4*z**2 + 2*z + 2. Let j be n(-3). Let c(t) = 2 + t**3 + 5*t**2 + 0*t**3 + t + j. What is the units digit of c(-5)?
2
Let n(z) = 45*z + 13. What is the tens digit of n(8)?
7
Let o = -219 - -332. What is the hundreds digit of o?
1
Suppose 18 = 4*t - 66. What is the units digit of t?
1
Let z(x) = 4*x - 3. Let s(v) = -5*v + 4. Let y(a) = -3*s(a) - 4*z(a). Let i be y(-1). Let d = i - -1. What is the units digit of d?
2
Let z(h) = -h**2 - 1. Let v be z(-1). Let n be 4*(-1)/v + 11. Let b = -1 + n. What is the units digit of b?
2
Suppose -2*b = -4*b. Suppose -5*y + 5*u - 63 + 218 = 0, b = -u - 3. What is the tens digit of y?
2
Suppose 0*w = w - 3. Suppose -w*x - 6 = -5*x. What is the units digit of x?
3
Let o(p) = p**3 - 8*p**2 - p + 10. Let q be o(8). Let f(v) = -v**2 - 4*v + 2. Let t be f(-4). Suppose -q*n = t*n - 28. What is the units digit of n?
7
Let y be 11/5 - 1/5. Let m = 0 + y. Suppose -i = -h + 2, -2*i - m*i = 4*h - 8. What is the units digit of h?
2
Let a(j) = -8*j**3 + 5*j + 5. What is the tens digit of a(-2)?
5
Suppose a - 2 = 2. Suppose 0*u = 4*v + u - 69, -3*u = -a*v + 65. What is the units digit of v?
7
Let n = 12 - 2. Suppose -b = 2*g - 17, -b + g + 23 = -0*b. Suppose m = 4*l + n, -2*l - b + 1 = -3*m. What is the units digit of m?
6
Suppose -5*c + 6 = s + 15, -s = c + 1. Let f(i) = i**3 - 17*i**2 + 16*i + 3. Let v be f(16). Suppose 4 = v*a + s. What is the units digit of a?
1
Let g(t) = t**3 - 3*t**2 + 2. Let p = 4 - 0. Let v be g(p). Suppose -v = -5*x - 3. What is the units digit of x?
3
Let g = -23 - -50. Suppose 2*d = g + 37. Let h = d + -16. What is the tens digit of h?
1
Let j be 2 + (2 - (-8)/1). Let v be 35*(-2 + j/5). Suppose a + v = 3*a. What is the units digit of a?
7
Suppose 5*k - 4*z = 14, -4*k = -z - 19 - 1. Let b be (k/(-8))/(7/56). Let c = -5 - b. What is the units digit of c?
1
Let d be ((-10)/(-25))/(2/10). Suppose -4*o = a - 24, 4*a - 45 = -d*o + 3*o. Suppose l - 3*l = -a. What is the units digit of l?
6
Let s be 1/(-2) + 90/4. Let i be s/5 + (-8)/20. Suppose 0 = i*l - 3*l - 1. What is the units digit of l?
1
Let a = 274 + -178. What is the tens digit of a?
9
Let z = -43 - -89. Suppose 3*r - 2*c + 3*c - z = 0, -88 = -5*r + 4*c. What is the units digit of r?
6
What is the tens digit of (12/8 - 1)*74?
3
Suppose 5*k - k - 4 = u, 0 = -4*k - u - 4. Suppose 0*j - j - 3*r = k, 10 = -j - 5*r. Let n = -10 + j. What is the units digit of n?
5
Suppose 4*y = -0*y - 4. What is the units digit of 2 + 12/2 + y?
7
Let l(p) = 9*p**2 - 13*p**3 + 4 + 1 + 9*p + 14*p**3. What is the tens digit of l(-7)?
4
Suppose 0 = 4*i - 10 - 10. What is the units digit of i?
5
Let o(r) = 7 - 2*r**3 + 3*r**3 - 3*r - r**2 + 2*r. What is the units digit of o(0)?
7
Suppose 3*m + 87 + 414 = 3*x, -2*x = m - 340. What is the units digit of x?
9
Suppose d - 3 = 7. Suppose -u - g = 3*g + 5, -2*u = -2*g - d. What is the units digit of u?
3
Let f(b) = -13*b. Let c be f(-2). Suppose -3*u + c = 4*w, 5*u + 3*w = -2*w + 35. What is the units digit of u?
2
Let d be (-2 + 3/2)*10. Let l = 8 + d. What is the units digit of l?
3
Let d(m) = 26*m**2 - 3*m - 3. What is the tens digit of d(2)?
9
Suppose 95 - 593 = -2*y - m, 5*m - 754 = -3*y. What is the units digit of y?
8
Let j(x) be the first derivative of x**3/3 + x**2 - 1. What is the units digit of j(2)?
8
Let k = -23 + 61. What is the tens digit of k?
3
Let i be (12/9)/((-2)/(-9)). Let t(w) = -w**3 + 7*w**2 - 7*w + 5. Let z be t(i). Let q = 6 - z. What is the units digit of q?
7
Let v(m) = -m**3 + m**2 + 54. What is the tens digit of v(0)?
5
Let q(g) = g**2 + 4*g - 5. Let f be q(-5). Suppose f = 5*l - 24 + 4. Suppose -a - l = -2*a. What is the units digit of a?
4
Let c = 276 + -159. What is the tens digit of c?
1
Suppose 0 = 2*o + 5*l - 122 - 124, 0 = 3*l. Suppose 3*w - o = -0*w. What is the units digit of w?
1
What is the tens digit of ((-8)/(-6))/((-1)/(-12))?
1
Let g be 21/(-6)*-2*1. Suppose 0 = -3*c + g*c - 12. What is the units digit of 6/9 - c/(-9)?
1
Let u be -1 + -3 - -7 - (-6)/(-1). Let v = 31 - -29. What is the tens digit of 8/u*v/(-16)?
1
Let g be (1 - 4)*(-7)/1. Suppose g = 5*n - 29. What is the units digit of (-1)/(-1*2/n)?
5
What is the tens digit of (-374)/(-4) - (-4)/8 - 2?
9
Let y(x) = x**3 + 4*x**2 - 4*x - 1. Let g be y(-4). Suppose 5 = -q + g. What is the units digit of q?
0
Let g be (10/(-2) - -1)/1. Let x = g - -2. Let d = 9 - x. What is the units digit of d?
1
Let l(n) = 3*n**2 + 6*n + 5. Let c be l(-5). Suppose -2*f = -5*p - c, 0 = 3*f - 2*p - 95 + 9. What is the tens digit of f?
3
Suppose -2*z = 2*z. Let i = z - -8. What is the units digit of i?
8
Let p = 50 + -11. Let h be ((-12)/(-5))/(6/40). Let z = p - h. What is the units digit of z?
3
Let d(m) = -m**2 + 9*m - 5. Let s be d(6). Suppose 3*u - o - 72 = -1, u - s = -5*o. What is the tens digit of u?
2
Let g be 4/(-6)*6/(-2). Let m(b) = 40*b - 11. Let j be m(-10). What is the tens digit of g/(-9) - j/27?
1
Suppose 2*k = 6, 2*k + 7 = -4*u + 3*k. Suppose d + 2*q + 5 = -4*d, -4*q + 17 = d. Let y = u - d. What is the units digit of y?
2
Let b(u) = -3*u**2 + 5*u + 11. Let q(k) = -2*k**2 + 3*k + 7. Let w(f) = 5*b(f) - 8*q(f). Let t = -46 - -44. What is the units digit of w(t)?
1
Let m(h) = 3*h + 10*h + 5*h + 2*h - 1. What is the tens digit of m(1)?
1
Let g = 2 - 3. Let o(h) be the third derivative of -h**6/40 - h**4/24 - h**3/6 - h**2. What is the units digit of o(g)?
3
Let r(p) = -4*p + 6. Let h be r(6). Let x = -13 - h. What is the units digit of x?
5
Suppose 4*z + 5*v - 96 = 0, 3*v - 19 = -7. What is the tens digit of z?
1
What is the units digit of (522/(-8))/(-9)*4?
9
Let o = 23 - -28. What is the units digit of o?
1
Let g(t) = 255 - 255 + 4*t + 2*t. What is the tens digit of g(4)?
2
Suppose 0 = -2*t - 2*t - 5*y + 36, 4*t + 3*y = 28. Suppose -3*g = -2*g - t. What is the units digit of (-6 + 4)*(-6)/g?
3
Suppose 2*a = 5*m - 785, 2*a + 10 = -0*a. W